hat are the prime factors of 26902736?
2, 7, 240203
List the prime factors of 11883397.
11883397
List the prime factors of 5722016791.
17, 336589223
What are the prime factors of 2997394670?
2, 5, 1583, 189349
What are the prime factors of 1490362168?
2, 186295271
What are the prime factors of 133132855?
5, 23, 787, 1471
List the prime factors of 2713920895.
5, 7, 2141, 36217
List the prime factors of 342763696.
2, 11, 241, 8081
List the prime factors of 77045009.
23, 3349783
What are the prime factors of 7104368?
2, 17, 26119
List the prime factors of 49386059.
43, 1148513
List the prime factors of 5319414914.
2, 11, 19, 79, 161087
List the prime factors of 8154956.
2, 1163, 1753
What are the prime factors of 451571661?
3, 6373, 7873
List the prime factors of 3121850850.
2, 3, 5, 1409, 14771
What are the prime factors of 61757874?
2, 3, 109, 31477
List the prime factors of 98881233.
3, 11, 1051, 2851
List the prime factors of 3593729719.
67, 53637757
What are the prime factors of 41117234?
2, 20558617
What are the prime factors of 516890571?
3, 107, 1610251
What are the prime factors of 2739845833?
2739845833
What are the prime factors of 68817018?
2, 3, 137, 83719
List the prime factors of 297672037.
13, 29, 60737
What are the prime factors of 354404176?
2, 7, 3164323
List the prime factors of 22902354.
2, 3, 41, 31033
What are the prime factors of 2413574716?
2, 7, 41, 2102417
List the prime factors of 791276966.
2, 59, 71, 94447
What are the prime factors of 236303089?
11, 379, 56681
List the prime factors of 91855519.
7, 19, 53, 83, 157
What are the prime factors of 465776591?
7, 17, 3914089
List the prime factors of 3722554338.
2, 3, 31, 20013733
List the prime factors of 645024764.
2, 599, 269209
What are the prime factors of 2327438498?
2, 7, 11, 1873, 8069
List the prime factors of 2328046759.
17, 136943927
What are the prime factors of 113147521?
113147521
What are the prime factors of 243546621?
3, 47, 167, 10343
What are the prime factors of 1082678625?
3, 5, 7, 137483
List the prime factors of 9371358.
2, 3, 520631
List the prime factors of 22226312.
2, 67, 41467
List the prime factors of 35622744.
2, 3, 1484281
What are the prime factors of 1153410333?
3, 19, 20235269
List the prime factors of 719857461.
3, 233, 1029839
List the prime factors of 19964177.
197, 101341
List the prime factors of 3634954.
2, 37, 49121
What are the prime factors of 229788019?
37, 53, 3167
What are the prime factors of 700609867?
877, 798871
List the prime factors of 54250001.
13, 4173077
What are the prime factors of 1952364707?
1952364707
What are the prime factors of 5323059020?
2, 5, 37, 7193323
What are the prime factors of 1220344295?
5, 31, 41, 192029
List the prime factors of 55440360.
2, 3, 5, 154001
What are the prime factors of 414150278?
2, 4357, 47527
What are the prime factors of 153872136?
2, 3, 11, 21587
List the prime factors of 109167168.
2, 3, 11, 37, 127
List the prime factors of 53484076.
2, 619, 21601
List the prime factors of 11384887.
269, 42323
List the prime factors of 335695653.
3, 2549, 14633
List the prime factors of 16966687.
101, 167987
List the prime factors of 455664342.
2, 3, 7, 47, 230833
What are the prime factors of 68283773?
68283773
List the prime factors of 458376213.
3, 71, 2152001
What are the prime factors of 49716249?
3, 11, 1506553
List the prime factors of 1801420478.
2, 11, 13, 31, 203183
What are the prime factors of 3752929144?
2, 469116143
List the prime factors of 164828240.
2, 5, 31, 66463
List the prime factors of 302480096.
2, 521, 18143
What are the prime factors of 59281904?
2, 11, 336829
What are the prime factors of 30249048?
2, 3, 23, 54799
What are the prime factors of 513949117?
11, 17, 2748391
What are the prime factors of 4188686790?
2, 3, 5, 1613, 86561
What are the prime factors of 41416819?
41416819
List the prime factors of 223882013.
131, 1201, 1423
List the prime factors of 35296536.
2, 3, 11, 23, 5813
List the prime factors of 235059595.
5, 17, 162671
List the prime factors of 158513123.
113, 1402771
What are the prime factors of 17339642?
2, 8669821
List the prime factors of 6005756728.
2, 31, 349, 69389
List the prime factors of 3833084191.
3833084191
What are the prime factors of 3645690188?
2, 7, 17, 7659013
List the prime factors of 1110815999.
1110815999
List the prime factors of 60327146.
2, 11, 59, 46477
What are the prime factors of 27437816?
2, 7, 489961
List the prime factors of 9301363.
17, 547139
List the prime factors of 1845635977.
2753, 670409
List the prime factors of 42096692.
2, 11, 17, 167, 337
What are the prime factors of 324944842?
2, 162472421
List the prime factors of 353586265.
5, 70717253
List the prime factors of 87368265.
3, 5, 1941517
What are the prime factors of 194221519?
194221519
List the prime factors of 601927541.
163, 3692807
List the prime factors of 509223776.
2, 15913243
What are the prime factors of 1313110736?
2, 7, 17, 593, 1163
What are the prime factors of 1125697450?
2, 5, 151, 149099
What are the prime factors of 47225443?
157, 300799
List the prime factors of 36664679.
36664679
What are the prime factors of 27028505?
5, 7, 643, 1201
What are the prime factors of 678765372?
2, 3, 56563781
What are the prime factors of 31529192?
2, 61, 64609
What are the prime factors of 958641544?
2, 7, 503, 34033
What are the prime factors of 41347183?
269, 281, 547
What are the prime factors of 81143528?
2, 19, 463, 1153
What are the prime factors of 194838368?
2, 6088699
What are the prime factors of 313919388?
2, 3, 67, 14461
What are the prime factors of 2251820852?
2, 562955213
What are the prime factors of 94815908?
2, 11, 2154907
What are the prime factors of 106750857?
3, 4357, 8167
What are the prime factors of 5877060?
2, 3, 5, 7, 1999
What are the prime factors of 152824710?
2, 3, 5, 79, 64483
List the prime factors of 1875617130.
2, 3, 5, 62520571
What are the prime factors of 296015963?
29, 359, 28433
What are the prime factors of 72529459?
421, 172279
List the prime factors of 1673267.
101, 16567
List the prime factors of 6146858.
2, 139, 22111
List the prime factors of 717700329.
3, 79744481
What are the prime factors of 847823616?
2, 3, 53, 131
What are the prime factors of 1366518844?
2, 43, 7944877
What are the prime factors of 501734559?
3, 6389, 26177
What are the prime factors of 208447793?
761, 273913
List the prime factors of 83242077.
3, 2069, 13411
What are the prime factors of 291695987?
11, 89, 297953
List the prime factors of 704307500.
2, 5, 13, 1667
List the prime factors of 25537952.
2, 11, 72551
List the prime factors of 657741397.
2857, 230221
List the prime factors of 264252913.
17, 41, 271, 1399
List the prime factors of 2297358830.
2, 5, 13, 29, 609379
List the prime factors of 1388189639.
1388189639
What are the prime factors of 4109811012?
2, 3, 53, 2153989
List the prime factors of 141131454.
2, 3, 23521909
List the prime factors of 1345920691.
11257, 119563
List the prime factors of 18109904.
2, 1131869
What are the prime factors of 842588055?
3, 5, 353, 17681
List the prime factors of 4515909594.
2, 3, 7, 6317, 17021
What are the prime factors of 411336782?
2, 205668391
What are the prime factors of 85794801?
3, 17, 1682251
List the prime factors of 38147766.
2, 3, 6357961
What are the prime factors of 4302398075?
5, 172095923
What are the prime factors of 2143956766?
2, 7, 9103, 16823
What are the prime factors of 100204624?
2, 13, 481753
List the prime factors of 1057153435.
5, 13, 71, 397, 577
What are the prime factors of 96957571?
109, 889519
List the prime factors of 816643976.
2, 683, 149459
List the prime factors of 3078624924.
2, 3, 85517359
List the prime factors of 91735981.
311, 397, 743
List the prime factors of 1877920038.
2, 3, 71, 6047
What are the prime factors of 1238452356?
2, 3, 31, 3329173
What are the prime factors of 1807889640?
2, 3, 5, 15065747
List the prime factors of 56080115.
5, 7, 13, 19, 499
What are the prime factors of 1166025340?
2, 5, 911, 63997
What are the prime factors of 80487805?
5, 103, 373, 419
List the prime factors of 2746116310.
2, 5, 7, 43, 433
List the prime factors of 103963745.
5, 20792749
What are the prime factors of 2295101986?
2, 1147550993
What are the p